                {"id":1887,"date":"2020-12-27T11:43:47","date_gmt":"2020-12-27T10:43:47","guid":{"rendered":"https:\/\/polypoint-kunststoffe.de\/?post_type=product&#038;p=1887"},"modified":"2020-12-27T11:43:47","modified_gmt":"2020-12-27T10:43:47","slug":"pe-ld-dichtungsbahn-schwarz-9","status":"publish","type":"product","link":"https:\/\/polypoint-kunststoffe.de\/?product=pe-ld-dichtungsbahn-schwarz-9","title":{"rendered":"PE-LD Dichtungsbahn Schwarz"},"content":{"rendered":"<p>mebodur PE-HD Dichtungsbahnen sind UV-stabilisiert, hochelastisch, hochrei\u00dffest, durchsto\u00dfest best\u00e4ndig gegen Chemikalien und L\u00f6sungsmitteln, Frost- und hitzebest\u00e4ndig, frei von Weichmachern. Ab Dicke 2,00 mm als Wurzelschutzfolie einzusetzen.<br \/>\nTeichplanen sind in fast allen Abmessungen bis zu einem Planengewicht von 2500kg Konfektion m\u00f6glich.<\/p>\n","protected":false},"excerpt":{"rendered":"<p>Abmessung: 3,00x50m<br \/>\nDicke: 1,50mm<\/p>\n","protected":false},"featured_media":0,"template":"","meta":[],"product_cat":[59],"product_tag":[],"class_list":{"0":"post-1887","1":"product","2":"type-product","3":"status-publish","5":"product_cat-pe-ld-dichtungsbahn","7":"first","8":"instock","9":"shipping-taxable","10":"product-type-simple"},"yoast_head":"<!-- This site is optimized with the Yoast SEO plugin v24.9 - https:\/\/yoast.com\/wordpress\/plugins\/seo\/ -->\n<title>PE-LD Dichtungsbahn Schwarz - Polypoint Kunststoffe GmbH<\/title>\n<meta name=\"robots\" content=\"index, follow, max-snippet:-1, max-image-preview:large, max-video-preview:-1\" \/>\n<link rel=\"canonical\" href=\"https:\/\/polypoint-kunststoffe.de\/?product=pe-ld-dichtungsbahn-schwarz-9\" \/>\n<meta property=\"og:locale\" content=\"de_DE\" \/>\n<meta property=\"og:type\" content=\"article\" \/>\n<meta property=\"og:title\" content=\"PE-LD Dichtungsbahn Schwarz - Polypoint Kunststoffe GmbH\" \/>\n<meta property=\"og:description\" content=\"Abmessung: 3,00x50m Dicke: 1,50mm\" \/>\n<meta property=\"og:url\" content=\"https:\/\/polypoint-kunststoffe.de\/?product=pe-ld-dichtungsbahn-schwarz-9\" \/>\n<meta property=\"og:site_name\" content=\"Polypoint Kunststoffe GmbH\" \/>\n<meta name=\"twitter:card\" content=\"summary_large_image\" \/>\n<script type=\"application\/ld+json\" class=\"yoast-schema-graph\">{\"@context\":\"https:\/\/schema.org\",\"@graph\":[{\"@type\":\"WebPage\",\"@id\":\"https:\/\/polypoint-kunststoffe.de\/?product=pe-ld-dichtungsbahn-schwarz-9\",\"url\":\"https:\/\/polypoint-kunststoffe.de\/?product=pe-ld-dichtungsbahn-schwarz-9\",\"name\":\"PE-LD Dichtungsbahn Schwarz - Polypoint Kunststoffe GmbH\",\"isPartOf\":{\"@id\":\"https:\/\/polypoint-kunststoffe.de\/#website\"},\"datePublished\":\"2020-12-27T10:43:47+00:00\",\"breadcrumb\":{\"@id\":\"https:\/\/polypoint-kunststoffe.de\/?product=pe-ld-dichtungsbahn-schwarz-9#breadcrumb\"},\"inLanguage\":\"de\",\"potentialAction\":[{\"@type\":\"ReadAction\",\"target\":[\"https:\/\/polypoint-kunststoffe.de\/?product=pe-ld-dichtungsbahn-schwarz-9\"]}]},{\"@type\":\"BreadcrumbList\",\"@id\":\"https:\/\/polypoint-kunststoffe.de\/?product=pe-ld-dichtungsbahn-schwarz-9#breadcrumb\",\"itemListElement\":[{\"@type\":\"ListItem\",\"position\":1,\"name\":\"Startseite\",\"item\":\"https:\/\/polypoint-kunststoffe.de\/\"},{\"@type\":\"ListItem\",\"position\":2,\"name\":\"PE-LD Dichtungsbahn Schwarz\"}]},{\"@type\":\"WebSite\",\"@id\":\"https:\/\/polypoint-kunststoffe.de\/#website\",\"url\":\"https:\/\/polypoint-kunststoffe.de\/\",\"name\":\"Polypoint Kunststoffe GmbH\",\"description\":\"Fachpartner f\u00fcr Handel und Vertrieb von Kunststoffen\",\"publisher\":{\"@id\":\"https:\/\/polypoint-kunststoffe.de\/#organization\"},\"potentialAction\":[{\"@type\":\"SearchAction\",\"target\":{\"@type\":\"EntryPoint\",\"urlTemplate\":\"https:\/\/polypoint-kunststoffe.de\/?s={search_term_string}\"},\"query-input\":{\"@type\":\"PropertyValueSpecification\",\"valueRequired\":true,\"valueName\":\"search_term_string\"}}],\"inLanguage\":\"de\"},{\"@type\":\"Organization\",\"@id\":\"https:\/\/polypoint-kunststoffe.de\/#organization\",\"name\":\"Polypoint Kunststoffe GmbH\",\"url\":\"https:\/\/polypoint-kunststoffe.de\/\",\"logo\":{\"@type\":\"ImageObject\",\"inLanguage\":\"de\",\"@id\":\"https:\/\/polypoint-kunststoffe.de\/#\/schema\/logo\/image\/\",\"url\":\"https:\/\/polypoint-kunststoffe.de\/wp-content\/uploads\/2020\/09\/logo-webicon.jpg\",\"contentUrl\":\"https:\/\/polypoint-kunststoffe.de\/wp-content\/uploads\/2020\/09\/logo-webicon.jpg\",\"width\":426,\"height\":426,\"caption\":\"Polypoint Kunststoffe GmbH\"},\"image\":{\"@id\":\"https:\/\/polypoint-kunststoffe.de\/#\/schema\/logo\/image\/\"}}]}<\/script>\n<!-- \/ Yoast SEO plugin. -->","yoast_head_json":{"title":"PE-LD Dichtungsbahn Schwarz - Polypoint Kunststoffe GmbH","robots":{"index":"index","follow":"follow","max-snippet":"max-snippet:-1","max-image-preview":"max-image-preview:large","max-video-preview":"max-video-preview:-1"},"canonical":"https:\/\/polypoint-kunststoffe.de\/?product=pe-ld-dichtungsbahn-schwarz-9","og_locale":"de_DE","og_type":"article","og_title":"PE-LD Dichtungsbahn Schwarz - Polypoint Kunststoffe GmbH","og_description":"Abmessung: 3,00x50m Dicke: 1,50mm","og_url":"https:\/\/polypoint-kunststoffe.de\/?product=pe-ld-dichtungsbahn-schwarz-9","og_site_name":"Polypoint Kunststoffe GmbH","twitter_card":"summary_large_image","schema":{"@context":"https:\/\/schema.org","@graph":[{"@type":"WebPage","@id":"https:\/\/polypoint-kunststoffe.de\/?product=pe-ld-dichtungsbahn-schwarz-9","url":"https:\/\/polypoint-kunststoffe.de\/?product=pe-ld-dichtungsbahn-schwarz-9","name":"PE-LD Dichtungsbahn Schwarz - Polypoint Kunststoffe GmbH","isPartOf":{"@id":"https:\/\/polypoint-kunststoffe.de\/#website"},"datePublished":"2020-12-27T10:43:47+00:00","breadcrumb":{"@id":"https:\/\/polypoint-kunststoffe.de\/?product=pe-ld-dichtungsbahn-schwarz-9#breadcrumb"},"inLanguage":"de","potentialAction":[{"@type":"ReadAction","target":["https:\/\/polypoint-kunststoffe.de\/?product=pe-ld-dichtungsbahn-schwarz-9"]}]},{"@type":"BreadcrumbList","@id":"https:\/\/polypoint-kunststoffe.de\/?product=pe-ld-dichtungsbahn-schwarz-9#breadcrumb","itemListElement":[{"@type":"ListItem","position":1,"name":"Startseite","item":"https:\/\/polypoint-kunststoffe.de\/"},{"@type":"ListItem","position":2,"name":"PE-LD Dichtungsbahn Schwarz"}]},{"@type":"WebSite","@id":"https:\/\/polypoint-kunststoffe.de\/#website","url":"https:\/\/polypoint-kunststoffe.de\/","name":"Polypoint Kunststoffe GmbH","description":"Fachpartner f\u00fcr Handel und Vertrieb von Kunststoffen","publisher":{"@id":"https:\/\/polypoint-kunststoffe.de\/#organization"},"potentialAction":[{"@type":"SearchAction","target":{"@type":"EntryPoint","urlTemplate":"https:\/\/polypoint-kunststoffe.de\/?s={search_term_string}"},"query-input":{"@type":"PropertyValueSpecification","valueRequired":true,"valueName":"search_term_string"}}],"inLanguage":"de"},{"@type":"Organization","@id":"https:\/\/polypoint-kunststoffe.de\/#organization","name":"Polypoint Kunststoffe GmbH","url":"https:\/\/polypoint-kunststoffe.de\/","logo":{"@type":"ImageObject","inLanguage":"de","@id":"https:\/\/polypoint-kunststoffe.de\/#\/schema\/logo\/image\/","url":"https:\/\/polypoint-kunststoffe.de\/wp-content\/uploads\/2020\/09\/logo-webicon.jpg","contentUrl":"https:\/\/polypoint-kunststoffe.de\/wp-content\/uploads\/2020\/09\/logo-webicon.jpg","width":426,"height":426,"caption":"Polypoint Kunststoffe GmbH"},"image":{"@id":"https:\/\/polypoint-kunststoffe.de\/#\/schema\/logo\/image\/"}}]}},"_links":{"self":[{"href":"https:\/\/polypoint-kunststoffe.de\/index.php?rest_route=\/wp\/v2\/product\/1887","targetHints":{"allow":["GET"]}}],"collection":[{"href":"https:\/\/polypoint-kunststoffe.de\/index.php?rest_route=\/wp\/v2\/product"}],"about":[{"href":"https:\/\/polypoint-kunststoffe.de\/index.php?rest_route=\/wp\/v2\/types\/product"}],"wp:attachment":[{"href":"https:\/\/polypoint-kunststoffe.de\/index.php?rest_route=%2Fwp%2Fv2%2Fmedia&parent=1887"}],"wp:term":[{"taxonomy":"product_cat","embeddable":true,"href":"https:\/\/polypoint-kunststoffe.de\/index.php?rest_route=%2Fwp%2Fv2%2Fproduct_cat&post=1887"},{"taxonomy":"product_tag","embeddable":true,"href":"https:\/\/polypoint-kunststoffe.de\/index.php?rest_route=%2Fwp%2Fv2%2Fproduct_tag&post=1887"}],"curies":[{"name":"wp","href":"https:\/\/api.w.org\/{rel}","templated":true}]}}